{"id":619,"date":"2016-11-25T18:59:56","date_gmt":"2016-11-25T17:59:56","guid":{"rendered":"http:\/\/www.abirato.com\/abiratoshop\/produit\/oanoan\/"},"modified":"2025-12-09T16:33:59","modified_gmt":"2025-12-09T15:33:59","slug":"oanoan","status":"publish","type":"product","link":"https:\/\/www.abirato.com\/abiratoshop\/produit\/oanoan\/","title":{"rendered":"OANOAN"},"content":{"rendered":"<div style=\"padding-bottom:20px; padding-top:10px;\" class=\"hupso-share-buttons\"><!-- Hupso Share Buttons - https:\/\/www.hupso.com\/share\/ --><a class=\"hupso_toolbar\" href=\"https:\/\/www.hupso.com\/share\/\"><img decoding=\"async\" src=\"https:\/\/static.hupso.com\/share\/buttons\/lang\/fr\/share-medium.png\" style=\"border:0px; padding-top: 5px; float:left;\" alt=\"Share Button\"\/><\/a><script type=\"text\/javascript\">var hupso_services_t=new Array(\"Twitter\",\"Facebook\",\"Google Plus\",\"Pinterest\",\"Linkedin\",\"Tumblr\");var hupso_background_t=\"#EAF4FF\";var hupso_border_t=\"#66CCFF\";var hupso_toolbar_size_t=\"medium\";var hupso_image_folder_url = \"\";var hupso_url_t=\"\";var hupso_title_t=\"OANOAN\";<\/script><script type=\"text\/javascript\" src=\"https:\/\/static.hupso.com\/share\/js\/share_toolbar.js\"><\/script><!-- Hupso Share Buttons --><\/div>","protected":false},"excerpt":{"rendered":"<p>Jeanne, notre voisine ouessantine, fileuse de laine, appelait ses petits agneaux \u00ab\u00a0noan noan noan\u00a0\u00bb<br \/>\nJ&#039;ai voulu raconter l&#039;histoire de l&#039;un d&#039;entre eux, <strong>OanOan<\/strong>, mais celui-ci est noir parmi les moutons blancs, et n&#039;a pas tr\u00e8s envie de vivre comme ses petits camarades. T\u00eatu, il ne renoncera devant rien!<\/p>\n<div class=\"script\">Un deuxi\u00e8me livre jeunesse illustr\u00e9 bourr\u00e9 d\u2019humour et de t\u00eate de bois, cern\u00e9 d&#039;une po\u00e9sie aux couleurs d&#039;Ouessant.<\/div>\n<p><\/p>\n<p><small><img decoding=\"async\" class=\"alignnone size-full wp-image-148\" src=\"http:\/\/abirato.com\/abiratoshop\/wp-content\/uploads\/2015\/01\/picto_livre.png\" alt=\"picto_livre\" width=\"25\" height=\"25\" \/><br \/>\n32 pages ; 21 x 21 cm ; reli\u00e9<br \/>\nlivre con\u00e7u, \u00e9dit\u00e9 et imprim\u00e9 en France<br \/>\npapier issu de for\u00eat g\u00e9r\u00e9e certification FSC\u00ae<br \/>\n<strong>ISBN<\/strong> 9-782955-11772-9<br \/>\n<strong>EAN<\/strong>\u00a0 9782955117729<br \/>\nsortie \u00e9t\u00e9 2016<br \/>\n<\/small><\/p>\n<p>Livre jeunesse <strong>\u00e0 partir de 3 ans <\/strong><small> (Pour les petits et les grands)<\/small><\/p>\n<hr\/>\n<p><a href=\"https:\/\/www.keit-vimp-bev.com\/produit\/oan-oan-2\/\" target=\"_blank\">AUSSI DISPONIBLE EN BRETON PAR ICI !<\/a><\/p>\n","protected":false},"featured_media":909,"comment_status":"open","ping_status":"closed","template":"","meta":{"_exactmetrics_skip_tracking":false,"_exactmetrics_sitenote_active":false,"_exactmetrics_sitenote_note":"","_exactmetrics_sitenote_category":0},"product_brand":[],"product_cat":[7],"product_tag":[27],"class_list":{"0":"post-619","1":"product","2":"type-product","3":"status-publish","4":"has-post-thumbnail","6":"product_cat-histoires","7":"product_tag-oanoan","9":"first","10":"instock","11":"shipping-taxable","12":"purchasable","13":"product-type-simple"},"yoast_head":"<!-- This site is optimized with the Yoast SEO plugin v27.3 - https:\/\/yoast.com\/product\/yoast-seo-wordpress\/ -->\n<title>OANOAN - MAISON DU RHU<\/title>\n<meta name=\"robots\" content=\"index, follow, max-snippet:-1, max-image-preview:large, max-video-preview:-1\" \/>\n<link rel=\"canonical\" href=\"https:\/\/www.abirato.com\/abiratoshop\/produit\/oanoan\/\" \/>\n<meta property=\"og:locale\" content=\"fr_FR\" \/>\n<meta property=\"og:type\" content=\"article\" \/>\n<meta property=\"og:title\" content=\"OANOAN - MAISON DU RHU\" \/>\n<meta property=\"og:description\" content=\"Jeanne, notre voisine ouessantine, fileuse de laine, appelait ses petits agneaux &quot;noan noan noan&quot; J&#039;ai voulu raconter l&#039;histoire de l&#039;un d&#039;entre eux, OanOan, mais celui-ci est noir parmi les moutons blancs, et n&#039;a pas tr\u00e8s envie de vivre comme ses petits camarades. T\u00eatu, il ne renoncera devant rien!  Un deuxi\u00e8me livre jeunesse illustr\u00e9 bourr\u00e9 d\u2019humour et de t\u00eate de bois, cern\u00e9 d&#039;une po\u00e9sie aux couleurs d&#039;Ouessant.     32 pages ; 21 x 21 cm ; reli\u00e9 livre con\u00e7u, \u00e9dit\u00e9 et imprim\u00e9 en France papier issu de for\u00eat g\u00e9r\u00e9e certification FSC\u00ae ISBN 9-782955-11772-9 EAN\u00a0 9782955117729 sortie \u00e9t\u00e9 2016   Livre jeunesse \u00e0 partir de 3 ans (Pour les petits et les grands)AUSSI DISPONIBLE EN BRETON PAR ICI !\" \/>\n<meta property=\"og:url\" content=\"https:\/\/www.abirato.com\/abiratoshop\/produit\/oanoan\/\" \/>\n<meta property=\"og:site_name\" content=\"MAISON DU RHU\" \/>\n<meta property=\"article:modified_time\" content=\"2025-12-09T15:33:59+00:00\" \/>\n<meta property=\"og:image\" content=\"https:\/\/www.abirato.com\/abiratoshop\/wp-content\/uploads\/2016\/11\/Oancouv-1.png\" \/>\n\t<meta property=\"og:image:width\" content=\"480\" \/>\n\t<meta property=\"og:image:height\" content=\"480\" \/>\n\t<meta property=\"og:image:type\" content=\"image\/png\" \/>\n<meta name=\"twitter:card\" content=\"summary_large_image\" \/>\n<meta name=\"twitter:label1\" content=\"Dur\u00e9e de lecture estim\u00e9e\" \/>\n\t<meta name=\"twitter:data1\" content=\"1 minute\" \/>\n<script type=\"application\/ld+json\" class=\"yoast-schema-graph\">{\"@context\":\"https:\\\/\\\/schema.org\",\"@graph\":[{\"@type\":\"WebPage\",\"@id\":\"https:\\\/\\\/www.abirato.com\\\/abiratoshop\\\/produit\\\/oanoan\\\/\",\"url\":\"https:\\\/\\\/www.abirato.com\\\/abiratoshop\\\/produit\\\/oanoan\\\/\",\"name\":\"OANOAN - MAISON DU RHU\",\"isPartOf\":{\"@id\":\"https:\\\/\\\/www.abirato.com\\\/abiratoshop\\\/#website\"},\"primaryImageOfPage\":{\"@id\":\"https:\\\/\\\/www.abirato.com\\\/abiratoshop\\\/produit\\\/oanoan\\\/#primaryimage\"},\"image\":{\"@id\":\"https:\\\/\\\/www.abirato.com\\\/abiratoshop\\\/produit\\\/oanoan\\\/#primaryimage\"},\"thumbnailUrl\":\"https:\\\/\\\/www.abirato.com\\\/abiratoshop\\\/wp-content\\\/uploads\\\/2016\\\/11\\\/Oancouv-1.png\",\"datePublished\":\"2016-11-25T17:59:56+00:00\",\"dateModified\":\"2025-12-09T15:33:59+00:00\",\"breadcrumb\":{\"@id\":\"https:\\\/\\\/www.abirato.com\\\/abiratoshop\\\/produit\\\/oanoan\\\/#breadcrumb\"},\"inLanguage\":\"fr-FR\",\"potentialAction\":[{\"@type\":\"ReadAction\",\"target\":[\"https:\\\/\\\/www.abirato.com\\\/abiratoshop\\\/produit\\\/oanoan\\\/\"]}]},{\"@type\":\"ImageObject\",\"inLanguage\":\"fr-FR\",\"@id\":\"https:\\\/\\\/www.abirato.com\\\/abiratoshop\\\/produit\\\/oanoan\\\/#primaryimage\",\"url\":\"https:\\\/\\\/www.abirato.com\\\/abiratoshop\\\/wp-content\\\/uploads\\\/2016\\\/11\\\/Oancouv-1.png\",\"contentUrl\":\"https:\\\/\\\/www.abirato.com\\\/abiratoshop\\\/wp-content\\\/uploads\\\/2016\\\/11\\\/Oancouv-1.png\",\"width\":480,\"height\":480},{\"@type\":\"BreadcrumbList\",\"@id\":\"https:\\\/\\\/www.abirato.com\\\/abiratoshop\\\/produit\\\/oanoan\\\/#breadcrumb\",\"itemListElement\":[{\"@type\":\"ListItem\",\"position\":1,\"name\":\"Accueil\",\"item\":\"https:\\\/\\\/www.abirato.com\\\/abiratoshop\\\/\"},{\"@type\":\"ListItem\",\"position\":2,\"name\":\"CATALOGUE COMPLET\",\"item\":\"https:\\\/\\\/www.abirato.com\\\/abiratoshop\\\/boutique\\\/\"},{\"@type\":\"ListItem\",\"position\":3,\"name\":\"OANOAN\"}]},{\"@type\":\"WebSite\",\"@id\":\"https:\\\/\\\/www.abirato.com\\\/abiratoshop\\\/#website\",\"url\":\"https:\\\/\\\/www.abirato.com\\\/abiratoshop\\\/\",\"name\":\"MAISON DU RHU\",\"description\":\"sautez la barri\u00e8re\",\"publisher\":{\"@id\":\"https:\\\/\\\/www.abirato.com\\\/abiratoshop\\\/#organization\"},\"potentialAction\":[{\"@type\":\"SearchAction\",\"target\":{\"@type\":\"EntryPoint\",\"urlTemplate\":\"https:\\\/\\\/www.abirato.com\\\/abiratoshop\\\/?s={search_term_string}\"},\"query-input\":{\"@type\":\"PropertyValueSpecification\",\"valueRequired\":true,\"valueName\":\"search_term_string\"}}],\"inLanguage\":\"fr-FR\"},{\"@type\":\"Organization\",\"@id\":\"https:\\\/\\\/www.abirato.com\\\/abiratoshop\\\/#organization\",\"name\":\"MAISON DU RHU\",\"url\":\"https:\\\/\\\/www.abirato.com\\\/abiratoshop\\\/\",\"logo\":{\"@type\":\"ImageObject\",\"inLanguage\":\"fr-FR\",\"@id\":\"https:\\\/\\\/www.abirato.com\\\/abiratoshop\\\/#\\\/schema\\\/logo\\\/image\\\/\",\"url\":\"https:\\\/\\\/www.abirato.com\\\/abiratoshop\\\/wp-content\\\/uploads\\\/2022\\\/01\\\/cropped-cropped-Logorhu17bis-1BLC.png\",\"contentUrl\":\"https:\\\/\\\/www.abirato.com\\\/abiratoshop\\\/wp-content\\\/uploads\\\/2022\\\/01\\\/cropped-cropped-Logorhu17bis-1BLC.png\",\"width\":114,\"height\":150,\"caption\":\"MAISON DU RHU\"},\"image\":{\"@id\":\"https:\\\/\\\/www.abirato.com\\\/abiratoshop\\\/#\\\/schema\\\/logo\\\/image\\\/\"}}]}<\/script>\n<!-- \/ Yoast SEO plugin. -->","yoast_head_json":{"title":"OANOAN - MAISON DU RHU","robots":{"index":"index","follow":"follow","max-snippet":"max-snippet:-1","max-image-preview":"max-image-preview:large","max-video-preview":"max-video-preview:-1"},"canonical":"https:\/\/www.abirato.com\/abiratoshop\/produit\/oanoan\/","og_locale":"fr_FR","og_type":"article","og_title":"OANOAN - MAISON DU RHU","og_description":"Jeanne, notre voisine ouessantine, fileuse de laine, appelait ses petits agneaux \"noan noan noan\" J&#039;ai voulu raconter l&#039;histoire de l&#039;un d&#039;entre eux, OanOan, mais celui-ci est noir parmi les moutons blancs, et n&#039;a pas tr\u00e8s envie de vivre comme ses petits camarades. T\u00eatu, il ne renoncera devant rien!  Un deuxi\u00e8me livre jeunesse illustr\u00e9 bourr\u00e9 d\u2019humour et de t\u00eate de bois, cern\u00e9 d&#039;une po\u00e9sie aux couleurs d&#039;Ouessant.     32 pages ; 21 x 21 cm ; reli\u00e9 livre con\u00e7u, \u00e9dit\u00e9 et imprim\u00e9 en France papier issu de for\u00eat g\u00e9r\u00e9e certification FSC\u00ae ISBN 9-782955-11772-9 EAN\u00a0 9782955117729 sortie \u00e9t\u00e9 2016   Livre jeunesse \u00e0 partir de 3 ans (Pour les petits et les grands)AUSSI DISPONIBLE EN BRETON PAR ICI !","og_url":"https:\/\/www.abirato.com\/abiratoshop\/produit\/oanoan\/","og_site_name":"MAISON DU RHU","article_modified_time":"2025-12-09T15:33:59+00:00","og_image":[{"width":480,"height":480,"url":"https:\/\/www.abirato.com\/abiratoshop\/wp-content\/uploads\/2016\/11\/Oancouv-1.png","type":"image\/png"}],"twitter_card":"summary_large_image","twitter_misc":{"Dur\u00e9e de lecture estim\u00e9e":"1 minute"},"schema":{"@context":"https:\/\/schema.org","@graph":[{"@type":"WebPage","@id":"https:\/\/www.abirato.com\/abiratoshop\/produit\/oanoan\/","url":"https:\/\/www.abirato.com\/abiratoshop\/produit\/oanoan\/","name":"OANOAN - MAISON DU RHU","isPartOf":{"@id":"https:\/\/www.abirato.com\/abiratoshop\/#website"},"primaryImageOfPage":{"@id":"https:\/\/www.abirato.com\/abiratoshop\/produit\/oanoan\/#primaryimage"},"image":{"@id":"https:\/\/www.abirato.com\/abiratoshop\/produit\/oanoan\/#primaryimage"},"thumbnailUrl":"https:\/\/www.abirato.com\/abiratoshop\/wp-content\/uploads\/2016\/11\/Oancouv-1.png","datePublished":"2016-11-25T17:59:56+00:00","dateModified":"2025-12-09T15:33:59+00:00","breadcrumb":{"@id":"https:\/\/www.abirato.com\/abiratoshop\/produit\/oanoan\/#breadcrumb"},"inLanguage":"fr-FR","potentialAction":[{"@type":"ReadAction","target":["https:\/\/www.abirato.com\/abiratoshop\/produit\/oanoan\/"]}]},{"@type":"ImageObject","inLanguage":"fr-FR","@id":"https:\/\/www.abirato.com\/abiratoshop\/produit\/oanoan\/#primaryimage","url":"https:\/\/www.abirato.com\/abiratoshop\/wp-content\/uploads\/2016\/11\/Oancouv-1.png","contentUrl":"https:\/\/www.abirato.com\/abiratoshop\/wp-content\/uploads\/2016\/11\/Oancouv-1.png","width":480,"height":480},{"@type":"BreadcrumbList","@id":"https:\/\/www.abirato.com\/abiratoshop\/produit\/oanoan\/#breadcrumb","itemListElement":[{"@type":"ListItem","position":1,"name":"Accueil","item":"https:\/\/www.abirato.com\/abiratoshop\/"},{"@type":"ListItem","position":2,"name":"CATALOGUE COMPLET","item":"https:\/\/www.abirato.com\/abiratoshop\/boutique\/"},{"@type":"ListItem","position":3,"name":"OANOAN"}]},{"@type":"WebSite","@id":"https:\/\/www.abirato.com\/abiratoshop\/#website","url":"https:\/\/www.abirato.com\/abiratoshop\/","name":"MAISON DU RHU","description":"sautez la barri\u00e8re","publisher":{"@id":"https:\/\/www.abirato.com\/abiratoshop\/#organization"},"potentialAction":[{"@type":"SearchAction","target":{"@type":"EntryPoint","urlTemplate":"https:\/\/www.abirato.com\/abiratoshop\/?s={search_term_string}"},"query-input":{"@type":"PropertyValueSpecification","valueRequired":true,"valueName":"search_term_string"}}],"inLanguage":"fr-FR"},{"@type":"Organization","@id":"https:\/\/www.abirato.com\/abiratoshop\/#organization","name":"MAISON DU RHU","url":"https:\/\/www.abirato.com\/abiratoshop\/","logo":{"@type":"ImageObject","inLanguage":"fr-FR","@id":"https:\/\/www.abirato.com\/abiratoshop\/#\/schema\/logo\/image\/","url":"https:\/\/www.abirato.com\/abiratoshop\/wp-content\/uploads\/2022\/01\/cropped-cropped-Logorhu17bis-1BLC.png","contentUrl":"https:\/\/www.abirato.com\/abiratoshop\/wp-content\/uploads\/2022\/01\/cropped-cropped-Logorhu17bis-1BLC.png","width":114,"height":150,"caption":"MAISON DU RHU"},"image":{"@id":"https:\/\/www.abirato.com\/abiratoshop\/#\/schema\/logo\/image\/"}}]}},"_links":{"self":[{"href":"https:\/\/www.abirato.com\/abiratoshop\/wp-json\/wp\/v2\/product\/619","targetHints":{"allow":["GET"]}}],"collection":[{"href":"https:\/\/www.abirato.com\/abiratoshop\/wp-json\/wp\/v2\/product"}],"about":[{"href":"https:\/\/www.abirato.com\/abiratoshop\/wp-json\/wp\/v2\/types\/product"}],"replies":[{"embeddable":true,"href":"https:\/\/www.abirato.com\/abiratoshop\/wp-json\/wp\/v2\/comments?post=619"}],"wp:featuredmedia":[{"embeddable":true,"href":"https:\/\/www.abirato.com\/abiratoshop\/wp-json\/wp\/v2\/media\/909"}],"wp:attachment":[{"href":"https:\/\/www.abirato.com\/abiratoshop\/wp-json\/wp\/v2\/media?parent=619"}],"wp:term":[{"taxonomy":"product_brand","embeddable":true,"href":"https:\/\/www.abirato.com\/abiratoshop\/wp-json\/wp\/v2\/product_brand?post=619"},{"taxonomy":"product_cat","embeddable":true,"href":"https:\/\/www.abirato.com\/abiratoshop\/wp-json\/wp\/v2\/product_cat?post=619"},{"taxonomy":"product_tag","embeddable":true,"href":"https:\/\/www.abirato.com\/abiratoshop\/wp-json\/wp\/v2\/product_tag?post=619"}],"curies":[{"name":"wp","href":"https:\/\/api.w.org\/{rel}","templated":true}]}}