{"id":3135,"date":"2018-09-17T11:04:37","date_gmt":"2018-09-17T10:04:37","guid":{"rendered":"http:\/\/www.abirato.com\/abiratoshop\/?page_id=3135"},"modified":"2022-01-07T09:24:32","modified_gmt":"2022-01-07T08:24:32","slug":"nos-auteurs","status":"publish","type":"page","link":"https:\/\/www.abirato.com\/abiratoshop\/nos-auteurs\/","title":{"rendered":"NOS AUTEURS"},"content":{"rendered":"<h4 style=\"text-align: center;\">DEUX AUTEURS<\/h4>\n<h4 style=\"text-align: left;\"><img decoding=\"async\" class=\"aligncenter size-full wp-image-424\" src=\"https:\/\/www.abirato.com\/abiratoshop\/wp-content\/uploads\/2015\/10\/julien2.jpg\" alt=\"\" width=\"213\" height=\"213\" srcset=\"https:\/\/www.abirato.com\/abiratoshop\/wp-content\/uploads\/2015\/10\/julien2.jpg 213w, https:\/\/www.abirato.com\/abiratoshop\/wp-content\/uploads\/2015\/10\/julien2-100x100.jpg 100w, https:\/\/www.abirato.com\/abiratoshop\/wp-content\/uploads\/2015\/10\/julien2-150x150.jpg 150w, https:\/\/www.abirato.com\/abiratoshop\/wp-content\/uploads\/2015\/10\/julien2-174x174.jpg 174w\" sizes=\"(max-width: 213px) 100vw, 213px\" \/>JULIEN WEBER-ACQUAVIVA alias JIWA<\/h4>\n<p>\u2022 <a href=\"http:\/\/www.abirato.com\" target=\"_blank\" rel=\"noopener noreferrer\">abirato.com<\/a><br \/>\nTouche-\u00e0-tout, le petit Julien se retrouve tr\u00e8s t\u00f4t \u00e0 s&rsquo;exposer, \u00e0 jouer sur ses claviers en concert, se donner en spectacles, en groupe, en solo, dans un tas d&rsquo;associations culturelles&#8230; Quelque soit le domaine artistique: il compose, il improvise, et cherche \u00e0 s&rsquo;amuser. Il continue par exemple \u00e0 habiller des disques et des sites internets pour d&rsquo;autres artistes ou des labels. Il para\u00eet qu&rsquo;il a \u00ab\u00a0un super sens des couleurs\u00a0\u00bb, du coup les copains l&#8217;embauchent pour barbouiller leurs BD. Bref le dessin ne le l\u00e2che pas, et il a surtout plein d&rsquo;histoires \u00e0 raconter, \u00e9-clec-tique on vous dit! Toujours pr\u00eat \u00e0 pr\u00e9senter aussi ses nombreuses recettes d&rsquo;autodidacte \u00e0 un large public de 7 \u00e0 177 ans dans les \u00e9coles ou les biblioth\u00e8ques.<\/p>\n<hr \/>\n<h4><img decoding=\"async\" class=\"aligncenter size-full wp-image-423\" src=\"https:\/\/www.abirato.com\/abiratoshop\/wp-content\/uploads\/2015\/10\/cathy2.jpg\" alt=\"\" width=\"213\" height=\"213\" srcset=\"https:\/\/www.abirato.com\/abiratoshop\/wp-content\/uploads\/2015\/10\/cathy2.jpg 213w, https:\/\/www.abirato.com\/abiratoshop\/wp-content\/uploads\/2015\/10\/cathy2-100x100.jpg 100w, https:\/\/www.abirato.com\/abiratoshop\/wp-content\/uploads\/2015\/10\/cathy2-150x150.jpg 150w, https:\/\/www.abirato.com\/abiratoshop\/wp-content\/uploads\/2015\/10\/cathy2-174x174.jpg 174w\" sizes=\"(max-width: 213px) 100vw, 213px\" \/>CATHERINE WEBER-ACQUAVIVA<\/h4>\n<p>Autrice prolifique, on ne l&rsquo;arr\u00eatera plus. Elle d\u00e9vore les d\u00e9couvertes scientifiques, les histoires du monde humain, animal ou v\u00e9g\u00e9tal, et aime se les approprier et en faire des contes bien \u00e0 elle. Elle \u00e9labore aussi un tas de jeux, de mots, \u00e0 colorier, \u00e0 comprendre, qu&rsquo;elle dessine, d&rsquo;abord pour s&rsquo;amuser elle-m\u00eame, mais on les lui pique sans vergogne pour vous les offrir ici. Le talent \u00e7a se partage!<\/p>\n<p style=\"text-align: center;\">NOS INVIT\u00c9S<\/p>\n<hr \/>\n<h4>NICO CADO<\/h4>\n<p>\u2022\u00a0<a href=\"https:\/\/www.facebook.com\/apresnouslessinges\/\" target=\"_blank\" rel=\"noopener noreferrer\">facebook.com\/apresnouslessinges\/<\/a><br \/>\nUn dessinateur et auteur prolifique qui trimballe son humour tendre et g\u00e9n\u00e9reux partout avec lui. Un univers toujours tr\u00e8s juste, haut en couleurs, qui parle des gens, les gros, les petits, les na\u00effs, les grincheux, les amoureux, les vieux, leurs animaux de compagnie aussi&#8230; A d\u00e9couvrir dans l&rsquo;actu du T\u00e9l\u00e9gramme les samedis, dans la Revue Casier(s), dans l&rsquo;album de courtes BD \u00ab\u00a0Brest en Bulle\u00a0\u00bb, et si vous avez la chance de remettre la main dessus: dans le fanzine des \u00ab\u00a0Violons Dingues\u00a0\u00bb, qui a vu na\u00eetre un tas de talents comme celui-ci. Nico enseigne aux jeunes \u00e0 devenir des gens biens aussi.<\/p>\n<hr \/>\n<h4>C\u00c9CILE HOCQUET alias Kery<\/h4>\n<p>\u2022\u00a0<a href=\"https:\/\/www.facebook.com\/Keryoan\/\" target=\"_blank\" rel=\"noopener noreferrer\">facebook.com\/Keryoan\/<\/a><br \/>\nCarnettiste officielle aux Urban Sketchers Brest &#8211; Dans ses nombreux carnets on savoure son grand sens de l&rsquo;observation, des d\u00e9tails qu&rsquo;elle retranscrit \u00e0 l&rsquo;aquarelle avec sensibilit\u00e9. Elle y d\u00e9veloppe aussi son univers personnel, qui grouille d&rsquo;id\u00e9es. Elle pratique par ailleurs l&rsquo;art d\u00e9licat de la photographie, de paysages surtout, avec le m\u00eame talent et beaucoup de patience. Elle bricole pas mal \u00e0 la maison, curieuse de tout semble-t-il et rien que \u00e7a c&rsquo;est une super qualit\u00e9.<\/p>\n<hr \/>\n<h4>GWENDAL LEMERCIER<\/h4>\n<p>\u2022\u00a0<a href=\"http:\/\/gwen-crea.blogspot.com\/\" target=\"_blank\" rel=\"noopener noreferrer\">gwen-crea.blogspot.com\/<\/a><br \/>\nOn le dit \u00ab\u00a0mercenaire\u00a0\u00bb du dessin tout azimut et pour cause: un boulimique, un bourreau de travail, bref un passionn\u00e9. Il met de la peinture partout, tout le temps, en \u00ab\u00a0couleur directe\u00a0\u00bb, \u00e0 tous les formats: des pirates, des robots, des chevaux, des navires, des architectures, de grandes dames en costumes d&rsquo;\u00e9poque&#8230; Ex \u00ab\u00a0Violon Dingue\u00a0\u00bb lui aussi, Gwendal se passionne pour ce qui a \u00e9t\u00e9 baptis\u00e9 \u00ab\u00a0steampunk\u00a0\u00bb (le futur imaginaire de 1900, instaur\u00e9 notamment par Albert Robida illustrant Jules Verne). Mais aussi naturellement l&rsquo;Histoire, les explorateurs, les l\u00e9gendes bretonnes&#8230; Bref on ne le pr\u00e9sente plus, du haut de ses nombreux ouvrages, fresques et albums BD, c&rsquo;est Gwendal Lemercier.<\/p>\n<div style=\"padding-bottom:20px; padding-top:10px;\" class=\"hupso-share-buttons\"><!-- Hupso Share Buttons - https:\/\/www.hupso.com\/share\/ --><a class=\"hupso_toolbar\" href=\"https:\/\/www.hupso.com\/share\/\"><img decoding=\"async\" src=\"https:\/\/static.hupso.com\/share\/buttons\/lang\/fr\/share-medium.png\" style=\"border:0px; padding-top: 5px; float:left;\" alt=\"Share Button\"\/><\/a><script type=\"text\/javascript\">var hupso_services_t=new Array(\"Twitter\",\"Facebook\",\"Google Plus\",\"Pinterest\",\"Linkedin\",\"Tumblr\");var hupso_background_t=\"#EAF4FF\";var hupso_border_t=\"#66CCFF\";var hupso_toolbar_size_t=\"medium\";var hupso_image_folder_url = \"\";var hupso_url_t=\"\";var hupso_title_t=\"NOS%20AUTEURS\";<\/script><script type=\"text\/javascript\" src=\"https:\/\/static.hupso.com\/share\/js\/share_toolbar.js\"><\/script><!-- Hupso Share Buttons --><\/div>","protected":false},"excerpt":{"rendered":"<p>DEUX AUTEURS JULIEN WEBER-ACQUAVIVA alias JIWA \u2022 abirato.com Touche-\u00e0-tout, le petit Julien se retrouve tr\u00e8s t\u00f4t \u00e0 s&rsquo;exposer, \u00e0 jouer sur ses claviers en concert, se donner en spectacles, en groupe, en solo, dans un tas d&rsquo;associations culturelles&#8230; Quelque soit le domaine artistique: il compose, il improvise, et cherche \u00e0 s&rsquo;amuser. Il continue par exemple<\/p><\/div>\n<div class=\"blog-btn\"><a href=\"https:\/\/www.abirato.com\/abiratoshop\/nos-auteurs\/\" class=\"home-blog-btn\">Lire la suite<\/a><\/p>\n","protected":false},"author":1,"featured_media":0,"parent":0,"menu_order":0,"comment_status":"closed","ping_status":"closed","template":"template\/template-page-full-width.php","meta":{"_exactmetrics_skip_tracking":false,"_exactmetrics_sitenote_active":false,"_exactmetrics_sitenote_note":"","_exactmetrics_sitenote_category":0,"footnotes":""},"class_list":["post-3135","page","type-page","status-publish","hentry"],"yoast_head":"<!-- This site is optimized with the Yoast SEO plugin v27.3 - https:\/\/yoast.com\/product\/yoast-seo-wordpress\/ -->\n<title>NOS AUTEURS - MAISON DU RHU<\/title>\n<meta name=\"robots\" content=\"index, follow, max-snippet:-1, max-image-preview:large, max-video-preview:-1\" \/>\n<link rel=\"canonical\" href=\"https:\/\/www.abirato.com\/abiratoshop\/nos-auteurs\/\" \/>\n<meta property=\"og:locale\" content=\"fr_FR\" \/>\n<meta property=\"og:type\" content=\"article\" \/>\n<meta property=\"og:title\" content=\"NOS AUTEURS - MAISON DU RHU\" \/>\n<meta property=\"og:description\" content=\"DEUX AUTEURS JULIEN WEBER-ACQUAVIVA alias JIWA \u2022 abirato.com Touche-\u00e0-tout, le petit Julien se retrouve tr\u00e8s t\u00f4t \u00e0 s&rsquo;exposer, \u00e0 jouer sur ses claviers en concert, se donner en spectacles, en groupe, en solo, dans un tas d&rsquo;associations culturelles&#8230; Quelque soit le domaine artistique: il compose, il improvise, et cherche \u00e0 s&rsquo;amuser. Il continue par exempleLire la suite\" \/>\n<meta property=\"og:url\" content=\"https:\/\/www.abirato.com\/abiratoshop\/nos-auteurs\/\" \/>\n<meta property=\"og:site_name\" content=\"MAISON DU RHU\" \/>\n<meta property=\"article:modified_time\" content=\"2022-01-07T08:24:32+00:00\" \/>\n<meta property=\"og:image\" content=\"https:\/\/www.abirato.com\/abiratoshop\/wp-content\/uploads\/2015\/10\/julien2.jpg\" \/>\n<meta name=\"twitter:card\" content=\"summary_large_image\" \/>\n<meta name=\"twitter:label1\" content=\"Dur\u00e9e de lecture estim\u00e9e\" \/>\n\t<meta name=\"twitter:data1\" content=\"3 minutes\" \/>\n<script type=\"application\/ld+json\" class=\"yoast-schema-graph\">{\"@context\":\"https:\\\/\\\/schema.org\",\"@graph\":[{\"@type\":\"WebPage\",\"@id\":\"https:\\\/\\\/www.abirato.com\\\/abiratoshop\\\/nos-auteurs\\\/\",\"url\":\"https:\\\/\\\/www.abirato.com\\\/abiratoshop\\\/nos-auteurs\\\/\",\"name\":\"NOS AUTEURS - MAISON DU RHU\",\"isPartOf\":{\"@id\":\"https:\\\/\\\/www.abirato.com\\\/abiratoshop\\\/#website\"},\"primaryImageOfPage\":{\"@id\":\"https:\\\/\\\/www.abirato.com\\\/abiratoshop\\\/nos-auteurs\\\/#primaryimage\"},\"image\":{\"@id\":\"https:\\\/\\\/www.abirato.com\\\/abiratoshop\\\/nos-auteurs\\\/#primaryimage\"},\"thumbnailUrl\":\"https:\\\/\\\/www.abirato.com\\\/abiratoshop\\\/wp-content\\\/uploads\\\/2015\\\/10\\\/julien2.jpg\",\"datePublished\":\"2018-09-17T10:04:37+00:00\",\"dateModified\":\"2022-01-07T08:24:32+00:00\",\"breadcrumb\":{\"@id\":\"https:\\\/\\\/www.abirato.com\\\/abiratoshop\\\/nos-auteurs\\\/#breadcrumb\"},\"inLanguage\":\"fr-FR\",\"potentialAction\":[{\"@type\":\"ReadAction\",\"target\":[\"https:\\\/\\\/www.abirato.com\\\/abiratoshop\\\/nos-auteurs\\\/\"]}]},{\"@type\":\"ImageObject\",\"inLanguage\":\"fr-FR\",\"@id\":\"https:\\\/\\\/www.abirato.com\\\/abiratoshop\\\/nos-auteurs\\\/#primaryimage\",\"url\":\"https:\\\/\\\/www.abirato.com\\\/abiratoshop\\\/wp-content\\\/uploads\\\/2015\\\/10\\\/julien2.jpg\",\"contentUrl\":\"https:\\\/\\\/www.abirato.com\\\/abiratoshop\\\/wp-content\\\/uploads\\\/2015\\\/10\\\/julien2.jpg\",\"width\":213,\"height\":213},{\"@type\":\"BreadcrumbList\",\"@id\":\"https:\\\/\\\/www.abirato.com\\\/abiratoshop\\\/nos-auteurs\\\/#breadcrumb\",\"itemListElement\":[{\"@type\":\"ListItem\",\"position\":1,\"name\":\"Accueil\",\"item\":\"https:\\\/\\\/www.abirato.com\\\/abiratoshop\\\/\"},{\"@type\":\"ListItem\",\"position\":2,\"name\":\"NOS AUTEURS\"}]},{\"@type\":\"WebSite\",\"@id\":\"https:\\\/\\\/www.abirato.com\\\/abiratoshop\\\/#website\",\"url\":\"https:\\\/\\\/www.abirato.com\\\/abiratoshop\\\/\",\"name\":\"MAISON DU RHU\",\"description\":\"sautez la barri\u00e8re\",\"publisher\":{\"@id\":\"https:\\\/\\\/www.abirato.com\\\/abiratoshop\\\/#organization\"},\"potentialAction\":[{\"@type\":\"SearchAction\",\"target\":{\"@type\":\"EntryPoint\",\"urlTemplate\":\"https:\\\/\\\/www.abirato.com\\\/abiratoshop\\\/?s={search_term_string}\"},\"query-input\":{\"@type\":\"PropertyValueSpecification\",\"valueRequired\":true,\"valueName\":\"search_term_string\"}}],\"inLanguage\":\"fr-FR\"},{\"@type\":\"Organization\",\"@id\":\"https:\\\/\\\/www.abirato.com\\\/abiratoshop\\\/#organization\",\"name\":\"MAISON DU RHU\",\"url\":\"https:\\\/\\\/www.abirato.com\\\/abiratoshop\\\/\",\"logo\":{\"@type\":\"ImageObject\",\"inLanguage\":\"fr-FR\",\"@id\":\"https:\\\/\\\/www.abirato.com\\\/abiratoshop\\\/#\\\/schema\\\/logo\\\/image\\\/\",\"url\":\"https:\\\/\\\/www.abirato.com\\\/abiratoshop\\\/wp-content\\\/uploads\\\/2022\\\/01\\\/cropped-cropped-Logorhu17bis-1BLC.png\",\"contentUrl\":\"https:\\\/\\\/www.abirato.com\\\/abiratoshop\\\/wp-content\\\/uploads\\\/2022\\\/01\\\/cropped-cropped-Logorhu17bis-1BLC.png\",\"width\":114,\"height\":150,\"caption\":\"MAISON DU RHU\"},\"image\":{\"@id\":\"https:\\\/\\\/www.abirato.com\\\/abiratoshop\\\/#\\\/schema\\\/logo\\\/image\\\/\"}}]}<\/script>\n<!-- \/ Yoast SEO plugin. -->","yoast_head_json":{"title":"NOS AUTEURS - MAISON DU RHU","robots":{"index":"index","follow":"follow","max-snippet":"max-snippet:-1","max-image-preview":"max-image-preview:large","max-video-preview":"max-video-preview:-1"},"canonical":"https:\/\/www.abirato.com\/abiratoshop\/nos-auteurs\/","og_locale":"fr_FR","og_type":"article","og_title":"NOS AUTEURS - MAISON DU RHU","og_description":"DEUX AUTEURS JULIEN WEBER-ACQUAVIVA alias JIWA \u2022 abirato.com Touche-\u00e0-tout, le petit Julien se retrouve tr\u00e8s t\u00f4t \u00e0 s&rsquo;exposer, \u00e0 jouer sur ses claviers en concert, se donner en spectacles, en groupe, en solo, dans un tas d&rsquo;associations culturelles&#8230; Quelque soit le domaine artistique: il compose, il improvise, et cherche \u00e0 s&rsquo;amuser. Il continue par exempleLire la suite","og_url":"https:\/\/www.abirato.com\/abiratoshop\/nos-auteurs\/","og_site_name":"MAISON DU RHU","article_modified_time":"2022-01-07T08:24:32+00:00","og_image":[{"url":"https:\/\/www.abirato.com\/abiratoshop\/wp-content\/uploads\/2015\/10\/julien2.jpg","type":"","width":"","height":""}],"twitter_card":"summary_large_image","twitter_misc":{"Dur\u00e9e de lecture estim\u00e9e":"3 minutes"},"schema":{"@context":"https:\/\/schema.org","@graph":[{"@type":"WebPage","@id":"https:\/\/www.abirato.com\/abiratoshop\/nos-auteurs\/","url":"https:\/\/www.abirato.com\/abiratoshop\/nos-auteurs\/","name":"NOS AUTEURS - MAISON DU RHU","isPartOf":{"@id":"https:\/\/www.abirato.com\/abiratoshop\/#website"},"primaryImageOfPage":{"@id":"https:\/\/www.abirato.com\/abiratoshop\/nos-auteurs\/#primaryimage"},"image":{"@id":"https:\/\/www.abirato.com\/abiratoshop\/nos-auteurs\/#primaryimage"},"thumbnailUrl":"https:\/\/www.abirato.com\/abiratoshop\/wp-content\/uploads\/2015\/10\/julien2.jpg","datePublished":"2018-09-17T10:04:37+00:00","dateModified":"2022-01-07T08:24:32+00:00","breadcrumb":{"@id":"https:\/\/www.abirato.com\/abiratoshop\/nos-auteurs\/#breadcrumb"},"inLanguage":"fr-FR","potentialAction":[{"@type":"ReadAction","target":["https:\/\/www.abirato.com\/abiratoshop\/nos-auteurs\/"]}]},{"@type":"ImageObject","inLanguage":"fr-FR","@id":"https:\/\/www.abirato.com\/abiratoshop\/nos-auteurs\/#primaryimage","url":"https:\/\/www.abirato.com\/abiratoshop\/wp-content\/uploads\/2015\/10\/julien2.jpg","contentUrl":"https:\/\/www.abirato.com\/abiratoshop\/wp-content\/uploads\/2015\/10\/julien2.jpg","width":213,"height":213},{"@type":"BreadcrumbList","@id":"https:\/\/www.abirato.com\/abiratoshop\/nos-auteurs\/#breadcrumb","itemListElement":[{"@type":"ListItem","position":1,"name":"Accueil","item":"https:\/\/www.abirato.com\/abiratoshop\/"},{"@type":"ListItem","position":2,"name":"NOS AUTEURS"}]},{"@type":"WebSite","@id":"https:\/\/www.abirato.com\/abiratoshop\/#website","url":"https:\/\/www.abirato.com\/abiratoshop\/","name":"MAISON DU RHU","description":"sautez la barri\u00e8re","publisher":{"@id":"https:\/\/www.abirato.com\/abiratoshop\/#organization"},"potentialAction":[{"@type":"SearchAction","target":{"@type":"EntryPoint","urlTemplate":"https:\/\/www.abirato.com\/abiratoshop\/?s={search_term_string}"},"query-input":{"@type":"PropertyValueSpecification","valueRequired":true,"valueName":"search_term_string"}}],"inLanguage":"fr-FR"},{"@type":"Organization","@id":"https:\/\/www.abirato.com\/abiratoshop\/#organization","name":"MAISON DU RHU","url":"https:\/\/www.abirato.com\/abiratoshop\/","logo":{"@type":"ImageObject","inLanguage":"fr-FR","@id":"https:\/\/www.abirato.com\/abiratoshop\/#\/schema\/logo\/image\/","url":"https:\/\/www.abirato.com\/abiratoshop\/wp-content\/uploads\/2022\/01\/cropped-cropped-Logorhu17bis-1BLC.png","contentUrl":"https:\/\/www.abirato.com\/abiratoshop\/wp-content\/uploads\/2022\/01\/cropped-cropped-Logorhu17bis-1BLC.png","width":114,"height":150,"caption":"MAISON DU RHU"},"image":{"@id":"https:\/\/www.abirato.com\/abiratoshop\/#\/schema\/logo\/image\/"}}]}},"_links":{"self":[{"href":"https:\/\/www.abirato.com\/abiratoshop\/wp-json\/wp\/v2\/pages\/3135","targetHints":{"allow":["GET"]}}],"collection":[{"href":"https:\/\/www.abirato.com\/abiratoshop\/wp-json\/wp\/v2\/pages"}],"about":[{"href":"https:\/\/www.abirato.com\/abiratoshop\/wp-json\/wp\/v2\/types\/page"}],"author":[{"embeddable":true,"href":"https:\/\/www.abirato.com\/abiratoshop\/wp-json\/wp\/v2\/users\/1"}],"replies":[{"embeddable":true,"href":"https:\/\/www.abirato.com\/abiratoshop\/wp-json\/wp\/v2\/comments?post=3135"}],"version-history":[{"count":52,"href":"https:\/\/www.abirato.com\/abiratoshop\/wp-json\/wp\/v2\/pages\/3135\/revisions"}],"predecessor-version":[{"id":9354,"href":"https:\/\/www.abirato.com\/abiratoshop\/wp-json\/wp\/v2\/pages\/3135\/revisions\/9354"}],"wp:attachment":[{"href":"https:\/\/www.abirato.com\/abiratoshop\/wp-json\/wp\/v2\/media?parent=3135"}],"curies":[{"name":"wp","href":"https:\/\/api.w.org\/{rel}","templated":true}]}}